y 8245?
369
Calculate the remainder when 56354 is divided by 11259.
59
Calculate the remainder when 47273 is divided by 326.
3
What is the remainder when 3440290 is divided by 114?
112
Calculate the remainder when 865446 is divided by 513.
15
What is the remainder when 12117857 is divided by 12117831?
26
Calculate the remainder when 211617 is divided by 4909.
530
What is the remainder when 10150079 is divided by 60?
59
What is the remainder when 6344323 is divided by 27?
25
Calculate the remainder when 54124961 is divided by 116.
57
Calculate the remainder when 285393 is divided by 12798.
3837
What is the remainder when 207162355 is divided by 25?
5
What is the remainder when 1900923 is divided by 35194?
447
Calculate the remainder when 56435 is divided by 2249.
210
What is the remainder when 9149716 is divided by 20?
16
Calculate the remainder when 1485100 is divided by 1485069.
31
What is the remainder when 10442157 is divided by 5221075?
7
Calculate the remainder when 6295 is divided by 186.
157
What is the remainder when 54443 is divided by 15?
8
What is the remainder when 4866203 is divided by 9358?
43
Calculate the remainder when 2402151 is divided by 44483.
69
Calculate the remainder when 185536 is divided by 61745.
301
What is the remainder when 121012 is divided by 13930?
9572
What is the remainder when 692734 is divided by 328?
326
Calculate the remainder when 388189 is divided by 557.
517
What is the remainder when 12896724 is divided by 90?
84
What is the remainder when 99605 is divided by 838?
721
Calculate the remainder when 20574886 is divided by 4327.
1
What is the remainder when 9248740 is divided by 209?
72
Calculate the remainder when 836421 is divided by 857.
846
What is the remainder when 52742679 is divided by 387?
384
What is the remainder when 12278405 is divided by 300?
5
Calculate the remainder when 154890 is divided by 3479.
1814
Calculate the remainder when 334564 is divided by 55755.
34
Calculate the remainder when 410417618 is divided by 16685.
16673
What is the remainder when 6691507 is divided by 48842?
153
What is the remainder when 167910 is divided by 2054?
1536
What is the remainder when 649963 is divided by 28?
27
What is the remainder when 2223398 is divided by 1952?
70
What is the remainder when 8298415 is divided by 143076?
7
What is the remainder when 35359233 is divided by 2558?
2557
Calculate the remainder when 20762190 is divided by 1784.
1782
What is the remainder when 974226 is divided by 2791?
167
Calculate the remainder when 62033 is divided by 12388.
93
Calculate the remainder when 51952 is divided by 16628.
2068
Calculate the remainder when 3553817 is divided by 710759.
22
Calculate the remainder when 625172 is divided by 24995.
297
What is the remainder when 65081 is divided by 123?
14
What is the remainder when 238992615 is divided by 67?
64
Calculate the remainder when 86035473 is divided by 4746.
4731
What is the remainder when 2408839 is divided by 2504?
2495
Calculate the remainder when 10537233 is divided by 810555.
18
What is the remainder when 21667 is divided by 492?
19
Calculate the remainder when 16094095 is divided by 1395.
1375
What is the remainder when 59272 is divided by 5353?
389
Calculate the remainder when 979861 is divided by 246.
43
What is the remainder when 1074156 is divided by 358051?
3
What is the remainder when 127304 is divided by 1902?
1772
What is the remainder when 6985175 is divided by 582097?
11
What is the remainder when 42721 is divided by 1058?
401
Calculate the remainder when 16450585 is divided by 64.
25
Calculate the remainder when 5447453 is divided by 1052.
197
Calculate the remainder when 133856 is divided by 33454.
40
Calculate the remainder when 35957370 is divided by 17978668.
34
Calculate the remainder when 3569400 is divided by 11.
10
Calculate the remainder when 98703880 is divided by 10.
0
Calculate the remainder when 2689386 is divided by 2554.
24
Calculate the remainder when 5991935 is divided by 19022.
5
What is the remainder when 34410416 is divided by 1485?
1481
What is the remainder when 1695160433 is divided by 2211?
2210
What is the remainder when 1055704 is divided by 40604?
0
Calculate the remainder when 941004 is divided by 602.
78
Calculate the remainder when 1156821 is divided by 1660.
1461
Calculate the remainder when 621911319 is divided by 446.
445
What is the remainder when 17225 is divided by 1803?
998
What is the remainder when 1020908 is divided by 37811?
11
What is the remainder when 4377996 is divided by 1990?
1986
Calculate the remainder when 29804414 is divided by 109.
108
Calculate the remainder when 1398430 is divided by 16.
14
Calculate the remainder when 111064 is divided by 22065.
739
What is the remainder when 146535 is divided by 36392?
967
What is the remainder when 4031966 is divided by 2728?
2710
Calculate the remainder when 2473896 is divided by 1823.
85
Calculate the remainder when 3970024 is divided by 379.
378
Calculate the remainder when 43283 is divided by 493.
392
Calculate the remainder when 66295672 is divided by 3212.
3204
What is the remainder when 65412 is divided by 3352?
1724
What is the remainder when 915395 is divided by 50855?
5
Calculate the remainder when 240627 is divided by 45726.
11997
Calculate the remainder when 443467 is divided by 2142.
73
Calculate the remainder when 105148 is divided by 26280.
28
What is the remainder when 501999 is divided by 20?
19
What is the remainder when 1299273 is divided by 18?
15
Calculate the remainder when 666207 is divided by 2063.
1921
Calculate the remainder when 204935 is divided by 165.
5
Calculate the remainder when 3716030 is divided by 32.
30
What is the remainder when 2496494 is divided by 850?
44
What is the remainder when 17897462 is divided by 167266?
0
What is the remainder when 1574974 is divided by 16738?
1602
Calculate the remainder when 59526 is divided by 3492.
162
What is the remainder when 17930836 is divided by 3586163?
21
What is the remainder when 321153 is divided by 358?
27
What is the remainder when 4216588 is divided by 14641?
14621
Calculate the remainder when 3130597 is divided by 3130595.
2
What is the remainder when 17691803 is divided by 8845894?
15
Calculate the remainder when 44305309 is divided by 16538.
7
What is the remainder when 1903008 is divided by 29?
28
Calculate the remainder when 146435 is divided by 249.
23
What is the remainder when 45490 is divided by 5561?
1002
Calculate the remainder when 2752905 is divided by 36.
21
Calculate the remainder when 137740 is divided by 1206.
256
What is the remainder when 17188617 is divided by 39065?
17
Calculate the remainder when 19252887 is divided by 3078.
3075
Calculate the remainder when 69227913 is divided by 104.
1
What is the remainder when 4327669 is divided by 53?
7
What is the remainder when 380707 is divided by 380684?
23
Calculate the remainder when 1181555 is divided by 3506.
33
What is the remainder when 25790581 is divided by 19406?
7
What is the remainder when 846606 is divided by 56438?
36
Calculate the remainder when 151488595 is divided by 15148858.
15
What is the remainder when 8337116 is divided by 1760?
1756
What is the remainder when 284557 is divided by 2868?
625
What is the remainder when 134912616 is divided by 11?
3
Calculate the remainder when 3494890 is divided by 90.
10
Calculate the remainder when 6226341 is divided by 465.
456
What is the remainder when 318325440 is divided by 1926?
12
What is the remainder when 364400 is divided by 1948?
124
Calculate the remainder when 177453 is divided by 1200.
1053
Calculate the remainder when 24295550 is divided by 57166.
0
Calculate the remainder when 1115460404 is divided by 17.
15
What is the remainder when 5042037 is divided by 133?
7
Calculate the remainder when 1857070 is divided by 371371.
215
What is the remainder when 10461423 is divided by 1393?
1386
Calculate the remainder when 31216 is divided by 1114.
24
Calculate the remainder when 84065 is divided by 1594.
1177
Calculate the remainder when 24134763 is divided by 68.
67
What is the remainder when 34891523 is divided by 12?
11
Calculate the remainder when 7370430 is divided by 7.
4
Calculate the remainder when 7759 is divided by 1325.
11